3. Is 466 - (2/(-2))/(y + 4) a composite number?
False
Let k be 6/(-21) - (-132)/21. Let j be (-3)/k + (-26)/(-4). Is j/(-21) - 2001/(-21) prime?
False
Suppose 27 + 23 = -5*d. Let k be ((-15)/d)/((-2)/(-4)). Suppose x - 281 = -k*g - 8, -5*x - 182 = -2*g. Is g a composite number?
True
Let o(y) = -y**3 + 2*y**2 + 12. Let g be o(3). Suppose 3*v = 213 - 27. Suppose -g*w + w + v = 0. Is w a prime number?
True
Suppose 9*m - 36132 = -429. Is m prime?
True
Let d be (-19)/(-7) + (-6)/(-21). Suppose 2*n = -2*x + 114, d*n = x - 2*x + 167. Is n composite?
True
Suppose o + 1539 = 4*v, o = -o - 4*v - 3126. Suppose 0 = -2*c + 6*c - 11352. Let f = o + c. Is f a prime number?
True
Let y = 8233 - 3704. Is y composite?
True
Let x(g) = -g**2 + 5*g - 2. Let c be x(4). Suppose 5*h + c + 3 = 0. Is 3 + (h - -1 - -334) a composite number?
False
Let m be 9 + 1 + 2 + -2. Let g be (-32)/(-4) + 1 + -2. Suppose g*p - m = 2*p. Is p a prime number?
True
Suppose -72 = -3*k + 3*s, -76 = -2*k + 5*s - 16. Let t be 8/k - (-44)/(-10). Is -465*t/(-24)*-2 a composite number?
True
Suppose -7*b = -12*b + 1185. Suppose 0 = t - b - 6. Suppose 2*d - m - 156 = -2*m, 3*d - t = 3*m. Is d composite?
False
Let r(u) = -299*u**2 - 3*u + 1. Let a be r(2). Let f = 1980 + a. Is f composite?
True
Suppose 70 = 13*p - 6*p. Is p/(-25) - (15021/(-15) - 2) a prime number?
False
Let g = 3 - -64. Is g a prime number?
True
Suppose -2*a - 5*z = -6297, -6*z = 5*a - 2*z - 15751. Is a prime?
False
Let b(h) = -20*h + 1. Let j be b(-1). Let u = -16 + j. Suppose 0 = 2*f + 4*g - 66, 3*f = -0*f + u*g + 132. Is f a prime number?
False
Suppose -4*f + 75696 = -4*p, 16245 = 2*f - p - 21601. Is f a prime number?
False
Let l(v) = -v**2 + 9*v - 15. Let x be l(3). Let j = -1 - -9. Suppose -x*h - 370 = -j*h. Is h composite?
True
Suppose 194 - 875 = -3*n. Let v = n - -728. Is v prime?
False
Let a(b) = 4*b - 3. Let n be a(3). Suppose 0 = -n*d + 2*d - 3262. Is 3/(-3)*d/2 prime?
True
Suppose -7*i + 2*i - 1575 = 0. Let y = 368 - i. Is y composite?
False
Suppose 7195 = 14*c - 9*c. Let l = c + -658. Is l prime?
False
Suppose 2*m - 55210 = -2*o, 3*m + 7*o - 82811 = 5*o. Suppose h + m = 8*h. Is h prime?
True
Is 4/(120/29361) - 63/(-210) a prime number?
False
Let q(y) = -645*y**2 + 6*y. Let b(j) = -j**2 - j. Let x(z) = -5*b(z) - q(z). Is x(1) composite?
True
Let b be (2/(-3))/((-4)/18). Suppose -1250 = -2*d - 2*y, -y + 1863 = b*d - 4*y. Is d a prime number?
False
Let h be (-72)/(-9)*10/4. Let l(b) = -b**3 + 22*b**2 - 13*b - 19. Is l(h) a prime number?
True
Let j(s) = -3*s - 5 + 6*s - 11*s. Is j(-8) prime?
True
Let m(r) = 5*r + 3. Let l be (2 + (5 - 1))*-3. Let u = 26 + l. Is m(u) a composite number?
False
Let y be 8/6*(5/2 - 1). Is (-10)/(-60)*(0 + 3513)*y composite?
False
Let d(w) = w - 1. Let c(p) = 164*p - 3. Let y(n) = 3*c(n) - 3*d(n). Let s be y(4). Suppose -2*h + 1285 = 5*m, -3*h + 3*m - 6*m = -s. Is h prime?
False
Is (4 + 219086/42)/(2/6) a prime number?
True
Let g be 0/(1*-2*4/8). Suppose -4*d - 544 = -4*s, g = -d - 1 + 4. Is s prime?
True
Suppose -3*g = 3*u + 258, 0*u - 94 = g + 5*u. Is (2 - (g - -1)) + (-1 - -5) a composite number?
False
Let a = 5273 + -28. Is a a prime number?
False
Let f(x) = x**2 + 10*x - 4. Let u be -4*((-9)/3 + 2). Let r be (-200)/16 + (-2)/u. Is f(r) prime?
False
Is (-37087)/1*(7 + 80/(-10)) a prime number?
True
Let h(i) = 4*i**3 + 6*i**2 - 23*i + 11. Is h(14) composite?
True
Suppose -7115 = -3*u - 2*u. Let k = -213 + u. Let v = -413 + k. Is v a composite number?
False
Suppose 162*t + 1364709 = 213*t. Is t a prime number?
True
Suppose 2*w + 3*o = -3512 + 33153, 14820 = w + 2*o. Is w a prime number?
False
Let g(p) be the second derivative of 85*p**3/6 - 2*p**2 + 2*p. Let b be g(4). Suppose 4*h - 4*n - b = 0, 5*h - n - 416 = -0*n. Is h a composite number?
False
Let b(v) = 49*v**2 - 26*v - 124. Is b(-7) prime?
True
Suppose c - 3*s - 36 = 0, -6*c - 2*s + 97 = -3*c. Is c composite?
True
Suppose -5*w + 4*j + 20 = 0, 3*w + w + 4*j = 16. Suppose -1932 + 304 = -w*p. Is p composite?
True
Suppose 6*w + 8*w = 462. Suppose -3*z + 2*n + 29 = 0, 2*z + 11 = 4*n + w. Is z a prime number?
False
Suppose 2*x = -d + 690, -3*d - 1396 = -5*d + 4*x. Let i = d + -375. Suppose 0 = -4*t + 16, -5*m + 4*t + i = -0*m. Is m a prime number?
True
Let o(f) = f**2 + 1. Suppose 0*m + 8 = -2*m + 4*i, i = 3. Let a(l) = 5*l**2 - 5*l - 7. Let j(k) = m*o(k) + a(k). Is j(-4) a composite number?
False
Suppose 0 = -4*j + 16. Suppose j*k - 221 = 3*m, 5*k - 53 - 227 = 5*m. Is k prime?
True
Suppose -3*i + 32 = 4*s - 6*s, i = 4. Is (3678/(-30))/(2/s) prime?
True
Let d(a) = 17*a**2 + a + 29. Is d(12) composite?
True
Suppose 2*p - 15 = -3*c, 2*p + 4*c + c - 17 = 0. Is (3044/3)/(p/9) composite?
True
Suppose -4*j + 8 = -8*j. Is 1142/8 + j/8*-1 a prime number?
False
Let k = -21322 + 30833. Is k a composite number?
False
Is -9521*((3 - 2) + -2) prime?
True
Let p be 18/(-15)*(-4120)/12. Let w = p + -155. Is w composite?
False
Let u = 1699 + -395. Suppose b - u = 5*n + 834, b - 2150 = n. Is b prime?
True
Suppose -4*a + 5*k + 38769 = 0, 9*a + 5*k = 12*a - 29078. Is a prime?
False
Suppose 3*f + 3 - 9 = -3*m, -1 = m + 4*f. Suppose 4*b = o - m*o + 1142, o - 2*b - 571 = 0. Is o composite?
False
Let l = 6 + -4. Suppose 2*d = 2*k + 1828, -d + l*k + 682 = -234. Let u = d + -581. Is u composite?
False
Let n = -4 + 6. Let h be 0/n + (-27)/(-9). Suppose -1564 = -4*k + h*x, 391 = k - 0*x - 2*x. Is k prime?
False
Let r(a) = -12*a**2 + 8 + 4 + 9 + a**3 + 16*a - 28. Is r(12) a prime number?
False
Suppose 6*i + 1300 - 292 = 0. Let w be 48/i - (-13100)/(-14). Let m = -371 - w. Is m composite?
True
Suppose 3*j + 1 + 2 = 0. Is 1 + (-6 + j)*-72 a prime number?
False
Suppose 0 = -4*w - 16, 27 = 5*i - 4*w - 29. Let t be (-4021)/(-4) - i/32. Suppose 4*s = 5*s + 5*k - 352, -3*s + 2*k = -t. Is s a prime number?
True
Let h = -328 - -735. Is h composite?
True
Let t = 33 + -28. Suppose 4*i = t*i. Suppose i = n + 2*n + 3*x - 213, -n + 5*x = -47. Is n prime?
True
Suppose 0 = -3*b + 3*w - 3, 15 = 4*b + 3*w - 2. Suppose -2*t = -3*d + t + 4206, 7001 = 5*d - b*t. Is d a prime number?
True
Let s = 1603 + -853. Is -10 + 14 - s/(-2) a prime number?
True
Suppose -2*t + 6*t - 12202 = -2*f, -30512 = -5*f - 3*t. Is f prime?
False
Let z(o) = -4*o - 288*o + 3 - 218*o. Is z(-8) a prime number?
False
Let l = -9234 - -12941. Is l a composite number?
True
Is 1*-5 + -13 + 35970 + 11 prime?
True
Let z be ((-2)/(-4))/((-7)/(-56)). Is -92*(-1)/z*7 a prime number?
False
Suppose 0 = -12*y + 6*y + 50946. Is y prime?
False
Let s(g) = 61*g**2 - 9*g - 7. Is s(-5) prime?
False
Let w(x) be the first derivative of -23*x**4/4 + 5*x**3/3 + x**2/2 + 5*x + 2. Let r be w(-5). Suppose 0*p = -4*q + 2*p + r, -4*q + 3010 = 3*p. Is q composite?
False
Let q be -4*(-5)/(-10) - -221. Suppose 4*g = r + 209, 5*r - q = -3*g - 45. Is g a composite number?
False
Let l = 67 + 441. Suppose 434 = -2*q - 5*g, 0 = 3*q + 2*q + 3*g + 1047. Let t = q + l. Is t a composite number?
True
Suppose -219 - 182 = 3*o - 4*h, h = 2*o + 274. Is (1*2)/(1*(-2)/o) prime?
True
Let c(t) = -2*t**3 - 10*t**2 + 7*t + 17. Suppose 26 - 38 = d. Is c(d) a prime number?
True
Let b(q) = 588*q + 211. Is b(11) a prime number?
True
Let d be 25/6 + -2 + 56/(-336). Let b(s) be the third derivative of 139*s**5/60 + s**3/6 + 2*s**2. Is b(d) prime?
True
Suppose 3*w - 44 = -29. Suppose -2*x + 2*p + 1092 = 7*p, 3*p = -w*x + 2749. Is x a composite number?
True
Suppose -5*a - 22 = -6*a. Let x = 16 - a. Let r(y) = -11*y - 1. Is r(x) composite?
True
Let l(v) = 483*v - 60. Let a be l(-6). Let t = a + 4217. Is t a prime number?
True
Is (4 - -105) + 8 - (0 + -1) composite?
True
Let c(b) = 2*b - 3. Let g = 9 + -7. Let a be c(g). Is a/((3/(-1))/(-987)) prime?
False
Suppose -3*z + 434 = 5*x, z - 2*x - 108 = 22. Let t = 279 - z. Is t composite?
True
Let u(p) = 2*p**2 - 12*p + 1. Let m be u(6). Suppose 0 = -t + m + 4. Is (-11132)/(-55) - (-3)/t a composite number?
True
Suppose -8*y + 3*y + 2280 = 0. Let c = y + 213. Is c composite?
True
Let o(z) = -42*z + 511. Is o(0) composite?
True
Let x be 1 + (3 - 2) - 4/(-2). Suppose -3*y + 1879 = r + y, -4*y = x. Is r prime?
False
Let g(q) = 3*q + 30. Let a be g(-6). Let c(z) = 4*z**2 - z**2 - 8*z - 15 - 2*z**2. Is c(a) a prime number?
False
